 11 - -8. Suppose 3*a - 28 = -r. What is the units digit of a?
3
Suppose 153440 = 66*n - 31*n. What is the tens digit of n?
8
Suppose -5*l = -13 + 63. Let x(b) = -7*b - 98. Let o be x(-16). Let v = l + o. What is the units digit of v?
4
Suppose -2*u - 14 = -166. Let r = u - 32. What is the tens digit of r?
4
Let i = 37 + 7. Let t = i - -53. What is the units digit of t?
7
Let o(z) = -z**3 - 18*z**2 - z + 22. Let q(g) = -g**2 + 4*g + 2. Let i be q(4). Let k be i/(-4)*-3*-12. What is the units digit of o(k)?
0
Suppose 2*s - s + 206 = 0. Let j be s/(-4) - (-2)/4. Suppose 5*q - 7*z + 3*z = 130, 2*q - j = 3*z. What is the tens digit of q?
2
Let y(p) = 8*p**2 - 9*p - 1. Let g be y(-6). Suppose -v + g = 4*b + 2*v, -b - 5*v + 81 = 0. What is the tens digit of b?
8
Let s = 776 - 163. What is the tens digit of s?
1
Let o(m) = m**2 - 17*m + 24. Let i be o(17). Let f = i + -5. What is the tens digit of f?
1
Suppose 0 = -439*r + 435*r + 344. What is the tens digit of r?
8
Suppose -2*o = -6*o. Suppose o = -7*n + 11*n - 32. What is the units digit of n?
8
Let j(y) = 94*y**2 - 6*y - 25. What is the units digit of j(-7)?
3
Let x = -888 - -1580. What is the units digit of x?
2
Let o = 3 + -5. Let r be (0/o)/(2 - 3). Suppose r = g + b - 9, -g - 2*g = -3*b - 15. What is the units digit of g?
7
Let y(n) = -n**3 + 9*n**2 + 4*n - 18. What is the units digit of y(8)?
8
Suppose 3*i - 3 + 6 = 0. Let w be 314/(-5) - i/(-5). Let l = 92 + w. What is the units digit of l?
9
Let r(w) = -w**2 - 19*w + 7. Let g be 1 - ((-11)/(44/(-24)) - -3). What is the tens digit of r(g)?
9
Let u(o) = -o**3 - 7*o**2 - o + 6. Let q(s) = s**2 + s - 7. Let v(n) = -n**3 - 9*n**2. Let f be v(-9). Let w be q(f). What is the units digit of u(w)?
3
Suppose 12*p = 5*k + 15*p - 10389, 5*k - 10405 = 5*p. What is the units digit of k?
9
Suppose 7*h + 9804 - 34815 = 0. What is the tens digit of h?
7
Let p(a) = -a**2 - 11*a + 1957. What is the tens digit of p(0)?
5
Let y(o) = 478*o + 106. What is the thousands digit of y(3)?
1
Let n(b) = -10*b + 2. Let a(l) = -l + 2. Let o be a(2). Suppose o = 6*u + 39 - 15. What is the units digit of n(u)?
2
Let t = -196 - -1115. What is the hundreds digit of t?
9
Suppose -4*o + 3*o = 0. Suppose t - 24 = -o*t. What is the tens digit of t?
2
Suppose -g + 4395 = 4*o, -3*o = 200*g - 197*g - 3294. What is the units digit of o?
9
Suppose -3*w - x + 17 = 0, 3*x + 2*x - 30 = -4*w. Suppose 0 = -4*t + 2*v + 86, -w*t = -4*v - 124 + 9. What is the units digit of t?
9
Suppose -3*c = 2*r - 36, 76 = 3*r + c - 2*c. Let x = 109 - 57. Suppose x = 4*y - r. What is the tens digit of y?
1
Let r = -19 - -24. Suppose 4*i - 767 = 5*m, r*m = 3*i - 177 - 392. What is the tens digit of i?
9
Let z(w) = -37*w - 47. Let d be z(5). Let y = d + 418. What is the hundreds digit of y?
1
What is the tens digit of (-16 - -9 - -6)/((-2)/7736)?
6
Suppose -8 = -4*a, -5*o + 4*a = -2*o - 232. Let h = o + -30. What is the tens digit of h?
5
Suppose 0 = 5*y - 5*j - 5600, -2*y - 10*j = -7*j - 2215. What is the thousands digit of y?
1
Let j = 12 + -9. Suppose 3*v - j = 6. Suppose -3*z - 2*a = -z - 42, -v*a + 44 = 2*z. What is the tens digit of z?
1
Suppose -2*w = -12*w + 50. Suppose -w*p + 365 = 125. What is the units digit of p?
8
Let t be 1/7 - (-1854)/(-42). What is the units digit of 522/8 - (-11)/t?
5
Let v be ((-27)/9)/((-3)/932). Suppose 5*y - j - 1185 = 0, -6*j - v = -4*y - 2*j. What is the tens digit of y?
3
Suppose 21 = 2*m + 3. Suppose -m*j = -5*j - 196. What is the tens digit of j?
4
Let q(u) = u**2 + 3*u - 6. Suppose -33 = -10*s - 93. What is the units digit of q(s)?
2
Suppose 148 = 6*t - 98. What is the units digit of t?
1
Suppose -111 = -p - 5*t + 312, 4*t = 2*p - 804. Let r = p + -194. What is the tens digit of r?
1
What is the units digit of 170/595 + 54/21*563?
8
Suppose -9*f - 560 = -4223. What is the hundreds digit of f?
4
Suppose -6*p = -p + 250. Let t = p + 14. Let j = -20 - t. What is the units digit of j?
6
What is the hundreds digit of ((-23904)/384)/((30/(-208))/5)?
1
Let o = 2 + 1. Let n be 1*o*8/6. Suppose -20 = -2*u - n*b, -5*b - 40 = -4*u - 0*b. What is the tens digit of u?
1
What is the tens digit of (252/(-48))/(6/(-40))?
3
Let a = -3621 + 6095. What is the hundreds digit of a?
4
Let j be (280/(-4))/(1/1). Let s = j - -143. What is the units digit of s?
3
Suppose -5*f - 11 = 4. Let w be (9*-17)/f + 1. What is the units digit of ((-767)/w)/(1/(-4))?
9
Let z(i) = i**2 + 7*i - 5. Let w be z(-8). Suppose 3*n = -v - 10, 7 = -2*v - w*n + 2. Suppose -144 = -v*j + 11. What is the tens digit of j?
3
Let k be (20 + -18)*(-2)/(-1). What is the units digit of (-10)/(20/k) - -69?
7
Let s(w) = w**2 + 18*w + 21. Let c be s(-19). Suppose 34*r - c*r + 1656 = 0. What is the hundreds digit of r?
2
Let p(t) = 19*t**2 - 15*t - 24. What is the units digit of p(-5)?
6
Let l = -131 - -739. What is the hundreds digit of l?
6
What is the tens digit of (-866)/(-18) + (-2)/18?
4
Suppose 0 = 37*o - o - 51660. What is the units digit of o?
5
Let u be ((-4)/(-10))/((-2)/40). Let i(v) = -v**3 - 11*v**2 + 2*v + 5. Let f(w) = w**2 + 1. Let n(o) = -3*f(o) - i(o). What is the units digit of n(u)?
8
Suppose -247*s - 41074 = -269*s. What is the units digit of s?
7
Let c be 3 + 23/(-7) + 18/63. Suppose -5*w + 3*w + 144 = c. What is the units digit of w?
2
Let s(o) = 6*o + 3. Let f be s(5). Suppose 0*b + b + 4 = 0, b + 7 = 3*h. Let z = h + f. What is the tens digit of z?
3
Let v be ((-9)/(-5) + -1)/((-13)/195). Let x(b) = -3*b**2 - 16*b - 6. Let t(k) = -k**2 - 1. Let y(n) = -2*t(n) + x(n). What is the units digit of y(v)?
4
Let s = -3782 - -6706. What is the hundreds digit of s?
9
Let g = 99 - 60. Suppose -3*p - 126 = -g. Let k = -10 - p. What is the tens digit of k?
1
Let u(g) = -g**3 + 2*g**2 + 10*g - 3. Let m be u(4). Suppose 4*p = m*o + 20, 0 = -0*o + 5*o + 4*p + 60. Let q(n) = -5*n + 6. What is the units digit of q(o)?
6
Let h = 31 - 12. Let s be (-7)/(-14) - h/(-2). Suppose -6*l = -s*l + 64. What is the tens digit of l?
1
Let x = 4784 + -2778. What is the tens digit of x?
0
Let a(o) = o**3 + 5*o**2 + 2*o + 6. Let d be a(-3). What is the tens digit of (-1)/((-45)/2350) - 4/d?
5
Let v = 17 + -7. Suppose 0*i = -i - 4*q - v, -2*q + 40 = -4*i. What is the units digit of 4/(-10) - 174/i?
7
Let r be (15/1)/(17/(-153)). Let x = -71 - r. What is the tens digit of x?
6
Suppose -22*b + 26624 = -19862. What is the thousands digit of b?
2
Let k = -945 + 3144. What is the thousands digit of k?
2
Suppose -10*h = -6*h + 16. Let z(g) = g - 3 - 2 - 4*g. What is the units digit of z(h)?
7
Suppose c - 5*c + 3*h + 2345 = 0, -h + 5 = 0. What is the hundreds digit of c?
5
What is the units digit of -8 + (778 - (14 - 4))?
0
Suppose 0 = -3*r + 5*r - 6. Suppose b - 2*g - 162 = -r*b, 38 = b + 2*g. What is the tens digit of b?
4
Let u = 1279 - -1515. What is the hundreds digit of u?
7
Let z(a) = -a + 3. Let v be z(3). Suppose v = 4*y + 1 - 221. Let b = y - 23. What is the tens digit of b?
3
Let k be 12/(-9)*(-429)/(-2). Let i be (-8)/12 + k/(-6). Let l = i - 23. What is the tens digit of l?
2
Let p = 83 - -7. Suppose 394 - p = 4*k. What is the tens digit of k?
7
Let o be -2*1*(0 - 1). Suppose -4*m - 17 + 3 = -x, 4*m = -12. Suppose x*l = o + 6. What is the units digit of l?
4
Suppose -5*b - 4*t = -55, -2*t - 13 = -4*b + t. What is the hundreds digit of b/((-7)/(-106)) - 0?
1
Suppose -3*j = -3*t + 18, 1 = 5*j - 3*t + 27. Let y be 12 + 2/4*j. Suppose y*l = 5*l + 2*a + 45, 0 = -a + 5. What is the units digit of l?
1
Suppose -12*o + 42108 = 10*o. What is the tens digit of o?
1
Let r(t) = -t**3 + t**2 - t + 141. Let f be r(0). Let j = -47 + f. What is the units digit of j?
4
Let z = 0 + 3. Suppose 159*r = 155*r + 20. Suppose h - 8 = -i + 4, z = 2*i - r*h. What is the units digit of i?
9
Suppose 0 = -4*b + 10*b. Suppose b = 6*q - 2*q - 16. Suppose i - 32 + 12 = -5*v, -q*i + 80 = v. What is the units digit of i?
0
Suppose y - 21 - 148 = 0. Suppose 2*x + 55 = c, 4*c - 41 - y = -2*x. What is the units digit of c?
3
Suppose -5*y + 2*y - 1071 = 3*i, -2*y - 716 = i. Let x = -217 - y. What is the hundreds digit of x?
1
Suppose -7*z - 484 = -8. Let b = z + 17. Let m = 94 + b. What is the tens digit of m?
4
Suppose 0 = -39*n + 36187 + 35729. What is the 